{"id":817,"date":"2021-09-10T18:55:26","date_gmt":"2021-09-10T21:55:26","guid":{"rendered":"https:\/\/isfdyt155-bue.infd.edu.ar\/sitio\/?page_id=817"},"modified":"2021-09-24T18:29:55","modified_gmt":"2021-09-24T21:29:55","slug":"profesorado-de-educacion-primaria","status":"publish","type":"page","link":"https:\/\/isfdyt155-bue.infd.edu.ar\/sitio\/profesorado-de-educacion-primaria\/","title":{"rendered":"PROFESORADO DE EDUCACI\u00d3N PRIMARIA"},"content":{"rendered":"\n<p><strong>T\u00edtulo: <\/strong>Profesor o Profesora de Educaci\u00f3n Primaria<\/p>\n\n\n\n<p><strong>Duraci\u00f3n:<\/strong> 4 a\u00f1os<\/p>\n\n\n\n<p><strong>Tipo de cursada: <\/strong>Presencial<\/p>\n\n\n\n<p><strong>Horario de cursada:<\/strong> 18 hs a 22,10 hs y es necesario contar con tiempo a contra turno para las pr\u00e1cticas en establecimientos educativos. <\/p>\n\n\n\n<p><strong>D\u00edas de cursada: <\/strong>Lunes a viernes m\u00e1s un s\u00e1bado al mes donde se realiza el Taller Integrador Interdisciplinario (TAIN).<\/p>\n\n\n\n<p><a href=\"https:\/\/isfdyt155-bue.infd.edu.ar\/sitio\/wp-content\/uploads\/2021\/09\/estructura-curricular-primaria.pdf\">Estructura Curricular de Primaria<\/a><\/p>\n\n\n\n<p><a href=\"https:\/\/isfdyt155-bue.infd.edu.ar\/sitio\/wp-content\/uploads\/2021\/09\/PLANILLA-CORREL-PRIMARIA.pdf\">Materias y correlatividades<\/a><\/p>\n\n\n\n<p><a href=\"https:\/\/isfdyt155-bue.infd.edu.ar\/sitio\/wp-content\/uploads\/2021\/09\/Diseno-Curricular-Primaria-Plan-de-estudios.pdf\">Dise\u00f1o Curricular de Primaria<\/a><\/p>\n","protected":false},"excerpt":{"rendered":"<p>T\u00edtulo: Profesor o Profesora de Educaci\u00f3n Primaria Duraci\u00f3n: 4 a\u00f1os Tipo de cursada: Presencial Horario de cursada: 18 hs a 22,10 hs y es necesario contar con tiempo a contra turno para las pr\u00e1cticas en establecimientos educativos. D\u00edas de cursada: Lunes a viernes m\u00e1s un s\u00e1bado al mes donde se realiza el Taller Integrador Interdisciplinario &#8230; <a title=\"PROFESORADO DE EDUCACI\u00d3N PRIMARIA\" class=\"read-more\" href=\"https:\/\/isfdyt155-bue.infd.edu.ar\/sitio\/profesorado-de-educacion-primaria\/\" aria-label=\"More on PROFESORADO DE EDUCACI\u00d3N PRIMARIA\">[+]<\/a><\/p>\n","protected":false},"author":392,"featured_media":0,"parent":0,"menu_order":0,"comment_status":"closed","ping_status":"closed","template":"","meta":[],"acf":[],"_links":{"self":[{"href":"https:\/\/isfdyt155-bue.infd.edu.ar\/sitio\/wp-json\/wp\/v2\/pages\/817"}],"collection":[{"href":"https:\/\/isfdyt155-bue.infd.edu.ar\/sitio\/wp-json\/wp\/v2\/pages"}],"about":[{"href":"https:\/\/isfdyt155-bue.infd.edu.ar\/sitio\/wp-json\/wp\/v2\/types\/page"}],"author":[{"embeddable":true,"href":"https:\/\/isfdyt155-bue.infd.edu.ar\/sitio\/wp-json\/wp\/v2\/users\/392"}],"replies":[{"embeddable":true,"href":"https:\/\/isfdyt155-bue.infd.edu.ar\/sitio\/wp-json\/wp\/v2\/comments?post=817"}],"version-history":[{"count":12,"href":"https:\/\/isfdyt155-bue.infd.edu.ar\/sitio\/wp-json\/wp\/v2\/pages\/817\/revisions"}],"predecessor-version":[{"id":920,"href":"https:\/\/isfdyt155-bue.infd.edu.ar\/sitio\/wp-json\/wp\/v2\/pages\/817\/revisions\/920"}],"wp:attachment":[{"href":"https:\/\/isfdyt155-bue.infd.edu.ar\/sitio\/wp-json\/wp\/v2\/media?parent=817"}],"curies":[{"name":"wp","href":"https:\/\/api.w.org\/{rel}","templated":true}]}}